o = -4 - -9. Suppose -44 = -4*u - 3*d + 5*d, o*d = 20. What is the units digit of u?
3
Suppose -q - m = -2, q - 33 = 4*m - 6. Let k = q + -16. Let t = k + 14. What is the units digit of t?
5
Suppose 2*c + 4*u = -20, 5*c + 2*u + 26 = 8. What is the units digit of (3 - 4/1)*c?
2
Let k = 10 + -6. What is the units digit of (39/(-3))/((-2)/k)?
6
Let l be ((-2)/(-4))/(1/(-18)). Let j = l - -26. What is the tens digit of j?
1
Let a(g) = -g**3 - g**2 + g + 2. Suppose -o = 2*j + 8, -4*j = 5*o + j + 20. Suppose o = -y - y. What is the units digit of a(y)?
2
Let g = -114 + 429. What is the units digit of g?
5
Let z(q) = -46*q**3 - q**2. What is the tens digit of z(-1)?
4
Suppose -6*q - 5 = 7. What is the units digit of (-320)/(-30) - q/(-3)?
0
Suppose 4*b = -4, 0*s + 2*s = -3*b + 21. Suppose 0 = 3*c - 0*c - s. Suppose -3*y + c*m = 2*y, -5*m + 25 = 0. What is the units digit of y?
4
Let a = -7 - -4. Let z be (-1 + 10)*(-2 - a). What is the units digit of z/(2/(12/9))?
6
Suppose -52 - 14 = 3*n. What is the tens digit of 3 + 3 + -3 - n?
2
Let f be 0*((-1)/2 - -1). Let y = 7 - f. Suppose q + 0*q = y. What is the units digit of q?
7
Suppose 5*b - 15 = -y, 12 = 3*b + b. Suppose 0*u - 4*u + 72 = 0. What is the units digit of u/((-6)/(-2)) + y?
6
Suppose 4*x - 2*w = 3*w - 8, 4*w - 28 = -4*x. Suppose -m + 0*c + 20 = -2*c, 5*m + x*c = 61. What is the units digit of m?
4
Let s(f) = f**3 - 9*f**2 + 7*f + 11. Let b be s(8). Suppose -b*j - 21 + 105 = 0. What is the tens digit of j?
2
Let o = -96 - -177. What is the tens digit of o?
8
Let b(g) = 3*g**2 - 4*g - 1. Let q be b(3). Suppose q = 2*y - 12. What is the units digit of y?
3
Let t(x) = -x**3 + 7*x**2 - 3*x + 2. Let r be t(6). Suppose h + r = -3*h, 0 = -4*l + 5*h + 77. What is the units digit of l?
3
Let k = 9 + -5. Suppose -3*u + 5*u - 18 = k*l, -4*u = 3*l + 8. What is the units digit of ((-9)/6)/(3/l)?
2
Let j(b) = 6*b**2 - 5. What is the units digit of j(4)?
1
Suppose 11*u + 1083 = 30*u. What is the units digit of u?
7
What is the units digit of 2/(-3) + 396/27?
4
What is the tens digit of (-12)/42 - (-6800)/35?
9
Suppose -2 = -5*z + 8. What is the units digit of z?
2
Let k(i) = -8*i**2 - 3. Let x be k(2). Let r = x - -58. What is the tens digit of r?
2
Let u = 63 - 26. Let z be (u/(-2))/((-2)/4). Let t = z + -21. What is the tens digit of t?
1
Suppose 0 = -j - 4*j + 290. What is the units digit of j?
8
Let l(h) = 3*h**2 + h - 3. What is the tens digit of l(-6)?
9
Let w be 0 + 3 + 1 + -2. Let f be w*2/(-4)*1. What is the units digit of f/(-2) + (-5)/(-2)?
3
Let r = -14 - -22. What is the units digit of r?
8
Let h(v) = 35*v + 16. What is the hundreds digit of h(6)?
2
Suppose 2*n + 0*n = -52. Let p be (-1)/4 - n/8. What is the tens digit of p/6 + 38/4?
1
Suppose -5*v = 5*j - 40, 0 = -2*j - 0*v - v + 12. Suppose 2*m = 3*r - 130, 3*r - 11 - 114 = m. Suppose 0*p - r = -j*p. What is the units digit of p?
0
Suppose -y + 19 + 106 = 0. Suppose -f - 4*f + y = 0. Suppose -r + 2*r = c - 5, 2*r = -3*c + f. What is the units digit of c?
7
Suppose -12 = -2*b + n + 2, 2*b - 12 = 2*n. Let o(d) = -d + 7. Let c be o(b). What is the units digit of (-21)/(-4) + c/4?
5
Let o = 49 - -11. What is the units digit of o?
0
Suppose -l + 4*l = d - 110, 0 = -3*d + 5*l + 310. What is the tens digit of d?
9
Suppose 2 = -3*o - 7. Let s = o - -13. Suppose 2*f - 12 = s. What is the units digit of f?
1
Suppose 4*w + 5 = 5*n + 2*w, -2*n = -4*w - 2. What is the units digit of n?
1
Let y = 4 - 1. Let s(o) = o**2 - 2. Let n be s(-2). Suppose -4*l - y - 17 = -n*p, 0 = p - 4*l - 14. What is the units digit of p?
6
Suppose 2*l - 27 = 29. Suppose -2*c + 11 = s, 3*c - 48 - l = -5*s. What is the tens digit of s?
1
Let h = 33 + -59. Let j = h - -50. What is the tens digit of j?
2
Let o = 173 + -81. What is the units digit of o?
2
Let s be 6/(-9)*(-2 + -4). Let w = -2 + s. Suppose -2*a + 40 = w*a. What is the units digit of a?
0
Let i = -3 - -9. Suppose 3*q = -0*q + i. Suppose 0 = -o - 1 - q, o = 3*t - 24. What is the units digit of t?
7
Let p(l) = -l**3 + 28*l**2 - l + 109. What is the tens digit of p(28)?
8
Suppose z - 132 = -3*z + 4*y, -2*z - 4*y + 84 = 0. Suppose 0 = 5*t - 149 - z. What is the units digit of t?
7
Let r(m) = m**3 + 4*m**2 - 6*m + 1. Let j be r(-5). What is the tens digit of ((-10)/(-3))/(1/j)?
2
Let v(n) be the second derivative of -n**4/12 - 19*n**3/6 - 13*n**2/2 + n. What is the tens digit of v(-16)?
3
Suppose -2*h + q = h - 37, -q = -5*h + 63. What is the tens digit of h?
1
Suppose -87 = -5*w + x, -w + 3*x + 25 = -x. What is the units digit of w?
7
Let p = -39 + 73. What is the units digit of p?
4
Let z = -13 - -2. Let u = 19 + z. What is the units digit of u?
8
Let h = 4 + -3. Let t(v) = -4*v - 1. Let s(o) = -o. Let k(i) = -2*s(i) - t(i). What is the units digit of k(h)?
7
Let h be -2 - 1*(-6 - -2). Suppose -a - 4 + 20 = -4*u, -u = -2*a + 11. Suppose h*y = -4*s + 38, -2*s + 1 = -a*y + 7. What is the units digit of s?
7
Suppose -19*u = -22*u + 351. What is the tens digit of u?
1
Suppose 0 = -4*r + 2*r. Let c(o) = o**2 + o - 2. Let b be c(-3). Let w = b - r. What is the units digit of w?
4
Let k be (3 - 21/6)*-8. Let h be 2/6 - k/12. Suppose 5*g = -4*v + 32, g + 2*g - 4*v = h. What is the units digit of g?
4
Suppose -8 = -2*q + q - 4*y, -5*q = y - 21. What is the units digit of q?
4
Let w(g) = g**2 + 7*g + 5. Let s be w(-6). Suppose a = 5 + 4. Let j = a - s. What is the units digit of j?
0
Let r be 2/6 + (-220)/3. Let j = -37 - r. Suppose -4*m + j = 3*b, -4*b + 3*b = 2*m - 16. What is the units digit of m?
6
Let i(x) be the third derivative of x**4/12 + 2*x**3/3 + 3*x**2. What is the units digit of i(10)?
4
What is the units digit of 738/42 - (-3)/7?
8
Let y(r) = 2*r**3 - 2*r**2 + r. Let a be y(2). Let v(p) = 5 + 8 - 3*p - 4 + a*p + p**2. What is the units digit of v(-6)?
3
Let i(z) be the first derivative of -z**5/10 - z**4/4 - z**3/6 - z**2/2 - 2*z + 3. Let k(j) be the first derivative of i(j). What is the units digit of k(-2)?
5
Suppose -4*s = -s. Let w be 12 + s - (2 - 1). Let f = w + -6. What is the units digit of f?
5
Suppose -5*o = -5 - 5. Let t be 27/(-18) - 1/(-2). Let i = o - t. What is the units digit of i?
3
Let x = -8 + 2. Let n be (-27)/x + (-1)/(-2). Suppose k - 12 = -n. What is the units digit of k?
7
Let l = 828 + -549. What is the hundreds digit of l?
2
Suppose -4*u = 5*w - 26, -3*w + 4*u - 5*u = -10. Let j(f) = 3*f**2 - 5*f**w + 3*f**2 - 3. What is the tens digit of j(4)?
1
What is the tens digit of (-4656)/(-17) + (-64)/(-544)?
7
Suppose 3*r + 82 + 11 = 0. Let s = 55 + r. What is the tens digit of s?
2
Let n(p) = p**3 - 7*p**2 + p + 4. Let j(f) = -f**3 - 5*f**2 + 6*f + 7. Let i be j(-6). What is the units digit of n(i)?
1
Let o = -2 - -7. What is the units digit of o?
5
Let v be ((-1)/(-2))/(5/20). Suppose 9 = -u + v*u. What is the units digit of u?
9
Let j(a) = a - 4*a + 2*a + 3*a. Let o be j(1). Suppose -3 - o = -2*l + 5*f, l - 4*f - 1 = 0. What is the units digit of l?
5
Let y = 108 + -26. What is the units digit of y?
2
Suppose -5*l = -3*w + 129, 0*w - 2*l + 198 = 4*w. What is the units digit of w?
8
Suppose -3*k = q - 6*q + 130, 4*q = -k - 32. Let b = -17 - k. What is the tens digit of b?
2
Suppose -150 = -5*i + 55. Suppose -4*p + i = -5*t, 0 = -4*p - 4*t - t - 9. What is the units digit of p?
4
Suppose 0 = -3*x - 0*u - u + 5, 2*u = -8. Suppose -f - x*z = -30, 0 = -f - 2*z + 18 + 8. What is the tens digit of f?
1
What is the units digit of 50/(-3)*(-6)/2?
0
Let l(s) = -s**3 + 24*s**2 - 22*s + 31. What is the units digit of l(23)?
4
Let h(p) = 7*p**2 - 8*p + 5. Let n(f) = 4*f**2 - 4*f + 3. Let a(u) = 3*h(u) - 5*n(u). Let b be a(4). What is the units digit of b - ((-1 - 1) + -6)?
8
Let l be (30/3)/((-2)/(-1)). Let x(j) = -j**3 + 5*j**2 + 5*j - 5. Let b be x(l). Suppose -5*n + 20 = -b. What is the units digit of n?
8
Suppose 3*j + 0*j = 0. Suppose -l = -j*l. Let n = l - -5. What is the units digit of n?
5
Suppose -r - 8 = -2*o, 3*r + 13 = 3*o + r. Suppose -5*c + o = 2*v - 20, 3*v + 4*c - 38 = 0. What is the tens digit of v?
1
Suppose 0 = 5*p - 3*b + 5, -2*p + 2*b = -1 + 7. What is the units digit of p?
2
Suppose 0 = 8*y - 4*y - 540. What is the units digit of y?
5
What is the units digit of 28 + 3 + (-3)/3?
0